+ -202?
-21100222
In base 3, what is -10202001111101 + 10?
-10202001111021
In base 9, what is -1 - 6770?
-6771
In base 14, what is 15db68 + -3?
15db65
In base 10, what is 1605 - -650?
2255
In base 7, what is -14 - 5510005?
-5510022
In base 4, what is 1 - -13311120?
13311121
In base 13, what is 32553 - 1?
32552
In base 13, what is -116a4 - -28?
-11679
In base 2, what is -1010 + 10000011000010010?
10000011000001000
In base 11, what is 20 - -9009?
9029
In base 16, what is -9 + 34130?
34127
In base 12, what is -567a + 99?
-55a1
In base 14, what is -3a - 4503?
-453d
In base 9, what is -2 - -143320?
143317
In base 8, what is 2514 + 352?
3066
In base 10, what is -987 + 16?
-971
In base 4, what is -113 + 101221?
101102
In base 12, what is a6a + 6?
a74
In base 11, what is 10 - 2538?
-2528
In base 5, what is 1 + 3113311?
3113312
In base 7, what is -414402 - 16?
-414421
In base 4, what is -2322220 + -2?
-2322222
In base 11, what is 67a60 + -21?
67a3a
In base 12, what is 9 - 21a2?
-2195
In base 15, what is -6 + -edb?
-ee2
In base 8, what is 212 + -163?
27
In base 2, what is -1001011 + 100001100101001?
100001011011110
In base 11, what is 4181a - -8?
41827
In base 4, what is 20 - -22002?
22022
In base 7, what is 2 + 2466606?
2466611
In base 7, what is -222 + 3223?
3001
In base 2, what is -11 + -101011111011000?
-101011111011011
In base 9, what is 1 - 272811?
-272810
In base 7, what is -105360 + -46?
-105436
In base 7, what is -243 + -600?
-1143
In base 7, what is -1 - 12654245?
-12654246
In base 16, what is 4 - -624f?
6253
In base 11, what is 105060 + -5?
105056
In base 4, what is 113023 - 33?
112330
In base 8, what is -3 + -124363?
-124366
In base 6, what is -23 + 20234?
20211
In base 12, what is 2 + 14128?
1412a
In base 7, what is -5050 + 342?
-4405
In base 3, what is -120 - 20122112111?
-20122120001
In base 15, what is da + -ba?
20
In base 2, what is -1000 - 100111001111?
-100111010111
In base 7, what is -423 + -33006?
-33432
In base 2, what is 1001 - 110001000100?
-110000111011
In base 9, what is -855 + -170?
-1135
In base 11, what is -18 + 17050?
17033
In base 15, what is 1ae - -3cc?
58b
In base 9, what is -117562 + -4?
-117566
In base 11, what is -20260 - 102?
-20362
In base 5, what is -4 + -211303231?
-211303240
In base 14, what is -a + -206?
-212
In base 12, what is 59 + -633?
-596
In base 8, what is 5037465 + 3?
5037470
In base 9, what is 5 + 10247?
10253
In base 12, what is 0 - -18289a?
18289a
In base 4, what is 100230 - 0?
100230
In base 3, what is 122220120 + -12?
122220101
In base 15, what is 3 - -1ac4a?
1ac4d
In base 14, what is -1aa2 - 15?
-1ab7
In base 9, what is -15 - 235338?
-235354
In base 3, what is -11100121122 + 212?
-11100120210
In base 16, what is 9a75 + -5?
9a70
In base 16, what is -396 + 1d?
-379
In base 4, what is 220 - -302032?
302312
In base 15, what is -12a + -6d9?
-814
In base 13, what is 24 - -173?
197
In base 2, what is -1101011001 + -10100011?
-1111111100
In base 5, what is 114020 + -1302?
112213
In base 3, what is 2120 + -1110211221?
-1110202101
In base 7, what is -24 + -4502?
-4526
In base 6, what is 31132 - -1105?
32241
In base 3, what is 11221222 - 1021?
11220201
In base 7, what is -2063610 - 22?
-2063632
In base 8, what is -441 + -314?
-755
In base 10, what is 2 + -153342?
-153340
In base 7, what is -363 - 5244?
-5640
In base 14, what is -1b55c2 - 0?
-1b55c2
In base 6, what is 30 - -4313?
4343
In base 15, what is -2 - 7ed0?
-7ed2
In base 16, what is 26 + -19e2?
-19bc
In base 13, what is 34 + b80?
bb4
In base 5, what is 10111323 + 123?
10112001
In base 5, what is -1 + 223213?
223212
In base 16, what is 2a86 + -23?
2a63
In base 8, what is 1 + 5664?
5665
In base 13, what is -1a1 + -1616?
-17b7
In base 4, what is -2 - 333023311?
-333023313
In base 3, what is 1201110122 - 12?
1201110110
In base 2, what is -1000111011101101110 - 11?
-1000111011101110001
In base 8, what is 25663 + 23?
25706
In base 2, what is -10001010100 - 11?
-10001010111
In base 5, what is 2 - -13240042?
13240044
In base 3, what is 0 - -11211221001?
11211221001
In base 9, what is -578 + 51?
-527
In base 6, what is 51251 - 1?
51250
In base 5, what is -100 + 213110?
213010
In base 2, what is 1001100101001011101101 + 0?
1001100101001011101101
In base 9, what is 0 - 404461?
-404461
In base 9, what is -30 - -1376?
1346
In base 11, what is 1613354 - 1?
1613353
In base 10, what is -1447255 + -5?
-1447260
In base 14, what is -23061 + 4?
-2305b
In base 8, what is 6413017 - 2?
6413015
In base 16, what is -6 - -8ce03?
8cdfd
In base 15, what is -1e + -1282?
-12a1
In base 14, what is -7 + -32b7?
-32c0
In base 3, what is -11011121120 - -10?
-11011121110
In base 12, what is 189 - 1aa?
-21
In base 7, what is 211 - 5156?
-4645
In base 6, what is 54511 - -22?
54533
In base 7, what is -5 - -15252?
15244
In base 10, what is 91 - -1872?
1963
In base 13, what is 2679 - -1?
267a
In base 16, what is -2c + -95b?
-987
In base 16, what is -9cb - -106?
-8c5
In base 10, what is 10 + 43981?
43991
In base 3, what is 2022220120 - 120?
2022220000
In base 6, what is -5324443 + 1?
-5324442
In base 3, what is -10102001112 - 22?
-10102001211
In base 13, what is -1 - -2764?
2763
In base 4, what is -1021112302 + 1?
-1021112301
In base 5, what is 10 + 4441313?
4441323
In base 4, what is 1032 - 20110220?
-20103122
In base 9, what is 2 + 773638?
773641
In base 12, what is -1579a - 10?
-157aa
In base 9, what is -7153 + 37?
-7115
In base 2, what is 100 - -10010110011101010?
10010110011101110
In base 12, what is -535995 + 0?
-535995
In base 3, what is -12 + -2212020012?
-2212020101
In base 15, what is 111d51 + -8?
111d48
In base 10, what is 784 - -182?
966
In base 4, what is 2020122 - -1?
2020123
In base 5, what is -2 + -3114040?
-3114042
In base 14, what is 1aa5 + 11?
1ab6
In base 6, what is -1422 + 1151?
-231
In base 8, what is -72 + -3732?
-4024
In base 9, what is -1 + -184447?
-184448
In base 13, what is 20 - 2b003?
-2acb3
In base 3, what is 1001010 + 0?
1001010
In base 14, what is -2 - -28a9?
28a7
In base 12, what is -315 + -1bb?
-514
In base 5, what is 111211410 - -4?
111211414
In base 13, what is 5 - -796b?
7973
In base 5, what is -24 + -10143403?
-10143432
In base 13, what is -3 + cc715?
cc712
In base 4, what is -1333 + -1132320?
-1200313
In base 8, what is 1166 - -123?
1311
In base 14, what is a5 - 7db?
-736
In base 13, what is -2 - -c565?
c563
In base 14, what is 4b53 + -4d?
4b04
In base 8, what is -2227 - -1132?
-1075
In base 15, what is -3 - 2814?
-2817
In base 4, what is -21322 + 210120?
122132
In base 9, what is 3381 - 441?
2840
In base 6, what is -12 - 1341050?
-1341102
In base 5, what is 3201 - 1031?
2120
In base 12, what is -2a + 14b3?
1485
In base 11, what is 14 - -22a4?
2308
In base 2, what is -100011010101100 - 1?
-100011010101101
In base 6, what is 1 + -15303103?
-15303102
In base 4, what is 12112012 + 1?
12112013
In base 6, what is -35 + -1100242?
-1100321
In base 2, what is 101111011010010 - -101?
101111011010111
In base 14, what is -b6 + 46?
-70
In base 7, what is -14250 + 61?
-14156
In base 11, what is 9649 - -1?
964a
In base 7, what is 26 - 44065?
-44036
In base 9, what is -127 + -45243?
-45371
In base 7, what is 1024422 - -6?
1024431
In base 6, what is 50 + -5205?
-5115
In base 14, what is 6 + -1a9ac0?
-1a9ab8
In base 4, what is 1232233330 - -2?
1232233332
In base 14, what is 3 - -1b0c3?
1b0c6
In base 10, what is -6550 - 81?
-6631
In base 15, what is 463 + -67?
3eb
In base 14, what is -4a4ab + b?
-4a4a0
In base 16, what is b260 - 4?
b25c
In base 4, what is -1 + 312202303?
312202302
In base 5, what is 300032 + 201?
300233
In base 3, what is 100120102 - -121?
100121000
In base 13, what is 54082 - 5?
5407a
In base 2, what is -1100011 - -111011?
-101000
In base 9, what is -14 - -157?
143
In base 8, what is 15 - -1121555?
1121572
In base 3, what is 0 - -101202122?
101202122
In base 7, what is 1364035 + -1?
1364034
In base 11, what is -3861 - -57?
-3805
In base 16, what is 10b + -365?
-25a
In base 6, what is -35 + 351122?
351043
In base 14, what is -7 + c889?
c882
In base 7, what is 204 - 136?
35
In base 2, what is -100 - 1111100111010110101?
-1111100111010111001
In base 5, what is 4 - -312210?
312214
In base 9, what is -515 + 83?
-422
In base 2, what is -1010011101100001010